le of 25?
True
Does 2503 divide 3681572592?
True
Does 569 divide 26927860?
False
Is 160 a factor of 29455680?
True
Does 21 divide 95520159?
True
Does 4 divide 10523308?
True
Is 542121957 a multiple of 500?
False
Does 22 divide 2349588503?
False
Does 8 divide 86278877?
False
Is 256233090 a multiple of 557?
False
Is 648 a factor of 35444412?
False
Is 6417784740 a multiple of 12?
True
Is 16 a factor of 57771859?
False
Does 103 divide 83452688?
False
Is 194 a factor of 444519674?
False
Is 19875599 a multiple of 30?
False
Does 121 divide 37813692?
False
Is 3 a factor of 851812176?
True
Is 288 a factor of 78007825?
False
Is 380917600 a multiple of 100?
True
Is 21 a factor of 2082237003?
True
Is 25 a factor of 844394469?
False
Is 164 a factor of 394040832?
True
Is 2784325 a multiple of 5?
True
Is 39952822 even?
True
Is 114492655 a multiple of 46?
False
Does 1414 divide 3944066339?
False
Does 113 divide 375472784?
True
Is 126 a factor of 7174944?
True
Is 70133764 a multiple of 157?
False
Is 46316096 a multiple of 10256?
True
Is 3257805 a multiple of 15?
True
Is 256 a factor of 18269696?
True
Does 19 divide 98014678?
False
Is 788 a factor of 126422780?
True
Is 825 a factor of 4527736?
False
Is 2016164070 a multiple of 75?
False
Is 72 a factor of 13350888?
True
Is 7 a factor of 1777376629?
True
Is 30 a factor of 1082755230?
True
Does 9391 divide 1314506083?
False
Does 45 divide 2588651505?
True
Does 20 divide 2057470786?
False
Does 8 divide 6671696?
True
Does 39 divide 991170091?
False
Is 17 a factor of 11065079?
True
Is 437440872 a multiple of 2552?
True
Is 93 a factor of 78635554?
False
Is 4 a factor of 272695413?
False
Does 2691 divide 1360789200?
False
Does 10 divide 991829125?
False
Is 10 a factor of 57575872?
False
Is 7 a factor of 14456456?
True
Is 25395468 a multiple of 1743?
False
Is 2325501956 a multiple of 838?
True
Is 327944820 a multiple of 14?
True
Is 29 a factor of 21072912?
False
Does 41 divide 276128604?
True
Does 49 divide 2314089037?
False
Does 132 divide 100384284?
True
Does 21 divide 539639961?
True
Is 23 a factor of 2375532?
True
Does 821 divide 794127526?
False
Is 770 a factor of 250214580?
True
Is 50 a factor of 989703150?
True
Does 44 divide 18461388?
True
Is 32 a factor of 331564869?
False
Is 8240234 a multiple of 4?
False
Does 83 divide 41998879?
False
Is 75042700 a multiple of 2262?
False
Is 265 a factor of 72234760?
True
Is 160647941 a multiple of 4989?
False
Is 5241056 a multiple of 23?
True
Does 24 divide 1469444237?
False
Does 1407 divide 102063780?
True
Does 4866 divide 1638575523?
False
Is 716165856 a multiple of 126?
True
Is 2725722317 a multiple of 25?
False
Is 226 a factor of 52693708?
True
Does 12 divide 49066128?
True
Is 1084690710 a multiple of 27?
True
Is 513 a factor of 86954013?
True
Does 1087 divide 21672606?
True
Is 132914489 a multiple of 373?
False
Is 22 a factor of 1386164428?
True
Does 937 divide 184397852?
True
Does 569 divide 91771502?
False
Is 1586 a factor of 169143728?
True
Is 1208654538 a multiple of 329?
True
Is 4166839 a multiple of 151?
False
Is 1171 a factor of 36180202?
False
Is 7 a factor of 1091769048?
False
Is 9912995 a multiple of 27?
False
Does 4 divide 85420322?
False
Is 42 a factor of 53767194?
False
Does 12 divide 14857607?
False
Does 111 divide 1239425297?
False
Is 835 a factor of 1389931815?
True
Is 356015964 a multiple of 8?
False
Does 7 divide 105969275?
False
Does 13 divide 1390456859?
False
Is 1304 a factor of 1014614566?
False
Is 63761 a multiple of 2?
False
Is 8051 a factor of 133616925?
False
Does 612 divide 17505253?
False
Is 540118698 a multiple of 97?
True
Does 200 divide 10463800?
True
Is 260 a factor of 12820860?
True
Is 290592721 a multiple of 276?
False
Does 17 divide 9071991?
False
Is 811947136 a multiple of 8008?
True
Does 72 divide 719804463?
False
Does 1073 divide 125405802?
True
Is 82015398 a multiple of 186?
True
Is 745592350 a multiple of 16?
False
Does 40 divide 102738395?
False
Is 50 a factor of 2593900?
True
Is 198542405 a multiple of 85?
True
Is 515 a factor of 77225974?
False
Is 615 a factor of 19680642?
False
Is 413 a factor of 78608105?
False
Is 4 a factor of 15565?
False
Is 437 a factor of 1070906082?
True
Does 58 divide 360529504?
False
Is 279993474 a multiple of 4?
False
Does 178 divide 147282631?
False
Is 56 a factor of 490782740?
False
Does 469 divide 3052729911?
True
Does 1632 divide 1612464449?
False
Is 9 a factor of 83090682?
True
Is 11 a factor of 32506120?
False
Is 605669559 a multiple of 15?
False
Is 577 a factor of 1516682353?
False
Is 187 a factor of 34852888?
False
Is 2262399844 a multiple of 2413?
True
Is 18900180 a multiple of 39?
True
Is 243 a factor of 56302128?
True
Is 22 a factor of 449356314?
True
Is 1046361390 a multiple of 6?
True
Does 919 divide 270936402?
False
Does 702 divide 414451674?
True
Is 89971086 a multiple of 834?
True
Is 35 a factor of 87628163?
False
Is 18892224 a multiple of 864?
True
Does 9 divide 6147830?
False
Is 268513178 a multiple of 28?
False
Is 6 a factor of 1035701331?
False
Is 109 a factor of 9972846?
True
Is 15 a factor of 217909518?
False
Does 34 divide 17768260?
False
Does 752 divide 655357856?
False
Is 3300215244 a multiple of 2361?
True
Is 1408542131 a multiple of 14?
False
Is 32287965 a multiple of 15?
True
Does 26 divide 112525639?
False
Does 176 divide 8961824?
False
Is 2091714217 a multiple of 97?
False
Is 8140 a factor of 2896321435?
False
Does 19 divide 147958908?
False
Is 20 a factor of 883239300?
True
Does 340 divide 293240480?
True
Is 108832308 a multiple of 43?
False
Does 18 divide 3459978?
True
Does 3072 divide 33281093?
False
Does 1250 divide 651505385?
False
Does 1202 divide 41684827?
False
Is 28 a factor of 48547519?
False
Does 511 divide 57057306?
False
Is 6 a factor of 92403?
False
Is 7037 a factor of 333307505?
True
Is 31 a factor of 560570167?
False
Is 2733370 a multiple of 5?
True
Is 60727688 a multiple of 1508?
False
Is 422 a factor of 1170161268?
True
Is 3 a factor of 15164803?
False
Is 45277734 a multiple of 23?
False
Is 14 a factor of 1477874342?
True
Is 366 a factor of 12588933?
False
Is 12 a factor of 34302552?
True
Is 10 a factor of 629688490?
True
Is 7034136004 a multiple of 623?
True
Does 3005 divide 53876645?
True
Does 243 divide 2000376?
True
Does 5459 divide 713289317?
True
Is 6838848 a multiple of 31?
True
Is 379602322 a multiple of 194?
True
Is 3182739306 a multiple of 159?
False
Is 21822450 a multiple of 475?
True
Does 559 divide 158974010?
True
Is 359 a factor of 3834479?
True
Is 1022792 a multiple of 10?
False
Does 40 divide 196519036?
False
Is 3652510 a multiple of 60?
False
Is 52700124 a multiple of 71?
False
Is 120 a factor of 11269680?
True
Is 50 a factor of 2878027?
False
Is 45 a factor of 41114295?
True
Is 950 a factor of 139209342?
False
Is 131 a factor of 83182971?
False
Is 3138 a factor of 367710840?
True
Is 561447156 a multiple of 44?
False
Is 704215400 a multiple of 3?
False
Does 294 divide 5410679?
False
Is 236 a factor of 2083799524?
True
Is 932 a factor of 1992121108?
True
Does 19 divide 1206348?
True
Is 10425173 a multiple of 11?
True
Does 898 divide 78884810?
True
Is 555 a factor of 6314546355?
True
Is 23 a factor of 985304072?
False
Is 433859520 a multiple of 320?
True
Is 45252880 a multiple of 13?
False
Is 2057467 a multiple of 223?
False
Is 62 a factor of 137135010?
True
Does 9023 divide 1746957651?
False
Is 9993897 a multiple of 1555?
False
Is 52709897 even?
False
Is 106011462 a multiple of 46?
True
Is 22 a factor of 90241778?
True
Is 55029258 a multiple of 3?
True
Does 13 divide 9934356?
False
Is 85096740 a multiple of 1868?
True
Does 11 divide 37482610?
True
Does 2 divide 2663549?
False
Is 59041525 a multiple of 27?
False
Is 29 a factor of 54492786?
False
Does 154 divide 169918056?
True
Is 28836216 a multiple of 216?
True
Is 30 a factor of 79537913?
False
Does 14 divide 890624?
True
Does 28 divide 61292953?
False
Is 5922854762 a multiple of 19?
True
Is 214070894 a multiple of 73?
True
Does 44 divide 2350963208?
True
Is 3738640332 a multiple of 43?
True
Is 68237115 a multiple of 8?
False
Is 110711613 a multiple of 3?
True
Does 83 divide 12484694?
True
Does 81 divide 183687912?
True
Does 700 divide 5408720?
False
Does 22 divide 64886763?
False
Is